1551, -7*d + k = q - 10*d. What is the tens digit of q?
1
Let p(h) be the third derivative of 34*h**5/15 + 5*h**4/24 + h**3/3 + 122*h**2. What is the tens digit of p(-2)?
3
Let x(f) = -8*f**3 - 9*f**2 - 43*f - 352. What is the units digit of x(-10)?
8
Let g(m) = -215*m**3 + 7*m**2 + 42*m - 9. What is the units digit of g(-4)?
5
Suppose -3*a + 0*a + 4 = l, 4*l - 3*a = 91. Let z = l - 21. What is the units digit of (-3)/z + 1038/12?
8
Suppose 12*v = 14*v + 4*h - 8, 0 = 2*v + 2*h - 12. Suppose 0 = -v*r + 183 + 4985. What is the tens digit of r?
4
Let y(c) = -c**3 - 8*c**2 + 18*c - 17. Let a be y(-10). Suppose -4*l = -5*j + 2325, -a*l + 20 = l. What is the tens digit of j?
6
Let c = 27479 + -17777. What is the hundreds digit of c?
7
Suppose 0 = 9*v + 19 - 118. Let y = v + -7. Suppose x = -y*f + 57, -x - 2*x - f = -193. What is the units digit of x?
5
Let d = 134 - 17. Suppose -14*g = -11*g + d. Let x = g - -73. What is the tens digit of x?
3
Let p(d) = d - 9. Let u(q) be the second derivative of -q**3/6 + 7*q**2/2 + 16*q. Let j be u(-6). What is the units digit of p(j)?
4
What is the thousands digit of ((-34)/(-6))/((-24)/(-5436)*(-2)/(-12))?
7
Suppose 0 = 4*z + 2*s - 124930, -4*z = s - 129098 + 4175. What is the hundreds digit of z?
2
Suppose -7*v - 251 = -216. What is the units digit of 357*v/(-15) + 1*2?
1
Let w = 95 + -52. Suppose -2*b + 3*x + 40 = -7*b, -3*b - 18 = 3*x. Let h = b + w. What is the tens digit of h?
3
Suppose -4*s + 5*a = -1330 - 214, 2*a + 1165 = 3*s. Suppose 5*w + 116 = s. Suppose -4*t = -w - 185. What is the units digit of t?
0
Suppose -11*s + 667106 = 67573. What is the ten thousands digit of s?
5
What is the tens digit of 16/120 - 655940/(-75)?
4
Let s be 1/2 - (0 + (-159)/(-6)). Let j be 21/(-14)*(0 - s). Let u = j + 107. What is the tens digit of u?
6
Suppose -p - 7 = -5*d - 2, -p = 5*d + 5. Let y be 56/(-4)*(-30)/15. Suppose -23*h + y*h - 870 = d. What is the units digit of h?
4
Let p(w) = -32*w + 19 - 17*w - 20*w - 6*w**3 + 11*w**2 + 5*w**3 - 25*w**2. What is the units digit of p(-13)?
7
Suppose 2*h - 11254 = 2*o, -5*h = -4*h - 3*o - 5617. What is the units digit of h?
2
Suppose t = -3*a + 5*t + 35, 28 = 2*a + 2*t. Suppose a*u - 16*u + 1287 = -5*r, 5*u = 2*r + 2145. What is the units digit of u?
9
Let p(w) = 12*w**2 - 4*w. Suppose 12*z = -2 + 2. Suppose -t - 10 + 7 = z. What is the units digit of p(t)?
0
Let g(a) = -67*a + 15. What is the tens digit of g(-19)?
8
Let a(n) = -15*n + n**2 - 125 + 13 + 6 - 11*n. What is the hundreds digit of a(35)?
2
Suppose 0 = 283*u - 212*u - 1133160. What is the thousands digit of u?
5
Suppose -16*d + 11*d - 3525 = 0. What is the hundreds digit of -27*(4 - d/(-9))?
0
Suppose 34 = -34*k - 102. Let y(f) = f**2 + 4*f**2 - 7 + 0 + 2*f. What is the tens digit of y(k)?
6
Suppose 87960 = 25*m + 15*m. Suppose -m = -6*s + 399. What is the tens digit of s?
3
Let g(h) = -10*h**3 + 3*h**2 - 3*h + 1. Let j be g(1). Let q be 3/j*1*-15. Suppose k + x - 6*x = 267, q*k - 1200 = -2*x. What is the hundreds digit of k?
2
Let d be -8 + 1194 - (2 + -8). Suppose -d = -4*o + 1108. What is the hundreds digit of o?
5
Let a(p) = -4*p + 23. Let u be a(16). Let l = u - -50. Suppose -83 - 502 = -l*g. What is the units digit of g?
5
What is the tens digit of (-372)/8*12238/(-87)?
4
Suppose 3*c + 7*j = 11*j + 3862, 0 = 2*c + 5*j - 2544. Let y = 1860 - c. What is the units digit of y?
8
Suppose -8*s + 54 = -2*s. What is the tens digit of (5 - s)/(3/(-288))?
8
What is the tens digit of (84/(-56))/(30638/(-10212) - -3)?
5
Let q be ((-42)/63)/((-1)/(-159)). Let m = q - -517. What is the tens digit of m?
1
Let z(m) = -m**3 - 4*m**2 - 8*m - 9. Let i be z(-3). Suppose 675 = i*w + 279. What is the units digit of w?
6
What is the thousands digit of (-7468 - -13)/(-15)*46*2?
5
Suppose -36 - 20 = -8*d. Suppose 28*c - 29*c + d = 0. What is the tens digit of 69/2 - 6/((-84)/c)?
3
What is the tens digit of (-1125 - 41)*(-730)/20?
5
Let m = 128 + 17696. What is the tens digit of m?
2
Suppose 5*b - 88 = 4*d + 40, -2*b + 3*d = -47. Suppose 125 = 5*p + 10. Let j = b - p. What is the units digit of j?
5
Suppose 11*b - 120 = -230. What is the hundreds digit of ((-203)/2)/((b/4)/5)?
2
Suppose s = -5*x + 13, -2*x - 2*s - 10 = -4*x. Suppose 5*u - 3*t = 1089, x*u - 5*t - 428 = 235. What is the tens digit of u?
1
Let p(y) = -y**3 + 96*y**2 - 37*y - 3. What is the hundreds digit of p(11)?
8
Let i = -3 + -3. Let o(x) = -11*x**2 - 19*x - 1. Let n(s) = 17*s**2 + 28*s - 2. Let v(c) = -5*n(c) - 8*o(c). What is the units digit of v(i)?
4
Let f(t) = 121*t**2 + 17*t + 178. Let s be f(-7). Let b = -4191 + s. What is the tens digit of b?
9
Let q(d) = -3*d**2 - 30*d - 19. Let r(s) = -s**2 - 10*s - 6. Let u = -48 - -42. Let w(i) = u*q(i) + 17*r(i). What is the units digit of w(-10)?
2
Let l be 2*(6/(-15))/((-4)/50665). Suppose 0 = -21*y + 19435 + l. What is the tens digit of y?
0
Let i be 3 + ((-4)/(-4) - -4). What is the hundreds digit of (-20)/(-25)*3580/i - -3?
3
Let c be (462/(-10))/((-47)/235). What is the hundreds digit of c/(-3*(-148)/(-96) - -5)?
6
Let t(f) = -f**2 + 10 + 14 - 7 - 13*f. Let z be t(-14). Suppose -z*v - q + 16 = 0, -2*q + 22 = 3*v - 4*q. What is the units digit of v?
6
Let i = -20 + 16. Let u(s) = -s**3 - 1. Let k(n) = -3*n**3 - 7*n**2 + 7*n - 21. Let y(r) = i*u(r) + k(r). What is the tens digit of y(7)?
3
Let t = -3125 - -8313. What is the tens digit of t?
8
Suppose 0 = 3*a - 4*g - 11894, -a = 3*a + 5*g - 15838. Suppose 20*h = a + 7658. What is the units digit of h?
1
Suppose 4*v + 937 = 3*m + 58, -5*m - 4*v + 1497 = 0. What is the tens digit of m + (-6 - -5) + 4/(-1)?
9
Let n be (-7 + 3 - -3 - -1)/(-2). Let q(f) = f**2 + f + 513. What is the tens digit of q(n)?
1
Let y(o) = 4662*o - 1589. What is the tens digit of y(7)?
4
Let q = -447 + 450. Suppose a - 4 = -x, 4*a = a + x + 16. What is the tens digit of a/q*(48 - -9)?
9
Let w(d) = -54*d - 166. Let j be w(24). Let f = j + 2853. What is the units digit of f?
1
Let j = -467 - -1740. Let b = j + 93. What is the tens digit of b?
6
Let x(p) = 4*p**3 + 2*p**2 + 2*p + 1. Let h be x(-2). Let z = 72 + h. Suppose -18*t + 13*t + z = 0. What is the units digit of t?
9
Let g = -19 + 13. Let f(q) = -34*q + 8*q + 8 + 1 - 3. What is the tens digit of f(g)?
6
Suppose -3*b + 71825 = 7*b + 15*b. What is the units digit of b?
3
Suppose 2072*f - 1971*f - 6579342 = 0. What is the ten thousands digit of f?
6
Let l(c) = 2*c - 3. Let y be l(5). Let t be 14/4*(13/(819/108))/3. Suppose -y*m - t*m = -1440. What is the tens digit of m?
6
Let f(h) = -h**3 - 14*h**2 - 16*h + 2. Let g = -95 + 100. Suppose -2*i + 5*j - 51 = 0, -3*j + 6*j = -g*i - 50. What is the units digit of f(i)?
1
Let s = 408 + 210. Suppose g = 6*y - y - 1022, -3*y - g + s = 0. What is the units digit of y?
5
Suppose -3*w + 2*w = -434. Let u = 654 - w. Let m = -125 + u. What is the tens digit of m?
9
Let u(r) = 3*r**3 - 9*r**2 + 16*r + 9. Let m(n) = -2*n**2 + 1. Let x(g) = 5*m(g) - u(g). What is the units digit of x(-5)?
6
Let z = -1076 - -632. What is the tens digit of (-15*(-8)/(-48))/(2/z)?
5
Let r(h) = 2*h**2 - 5*h. Let u be r(7). Let y be -2 - (0 - u)/3. Suppose -z + 43 = -y. What is the units digit of z?
2
Let r(x) = x**2 + 20*x - 39. Let u be r(2). Suppose -u*y + 2*q = -6626, 0 = 2*y + 4*q - q - 2658. What is the units digit of y?
6
Let q(g) = 123*g - 48. Let c be q(-11). Let j = 2569 + c. What is the thousands digit of j?
1
Let x(j) = 14*j**2 - 13*j + 527. What is the thousands digit of x(-32)?
5
Suppose -2*m - 6 = -16. Suppose 3618 = 2*n - 2*t, -4519 + 13588 = m*n + 3*t. Suppose 4*q - n = -8*q. What is the tens digit of q?
5
Suppose -44*d - 16 = -48*d. Suppose -4*o = 5*p - 3, 5*p = d*p - o. Suppose p*r - 63 = 153. What is the units digit of r?
2
Suppose 2*f + 56 = -5*v, -f + 2*v - 28 = -0. Let i(w) = -57*w**3 - w**2 - w - 1. Let j be i(-1). Let c = f + j. What is the units digit of c?
8
Let x be 1564/(-16) - 3/(-12)*-1. Let b = x + 324. What is the tens digit of b?
2
Suppose -4*v - 3*r = -3119, -8*r + 4*r + 4 = 0. Let n = 657 + v. What is the hundreds digit of n?
4
Let n(b) = -98*b**2 + 2531*b - 6. What is the thousands digit of n(20)?
1
Let y(t) be the first derivative of -t - 4. Let v(o) = -38*o + 6. Let z(b) = -v(b) - 2*y(b). 